7, what is -1232441 + -5?
-1232446
In base 16, what is 3 + 18c9d?
18ca0
In base 10, what is -58005 - -4?
-58001
In base 9, what is 2 - -1821446?
1821448
In base 4, what is 2 + -3031303?
-3031301
In base 16, what is -ba - -a40?
986
In base 3, what is -220111212200 - 0?
-220111212200
In base 15, what is -2c526 + -4?
-2c52a
In base 14, what is 7739 - -2?
773b
In base 2, what is 111 - -101110001101000?
101110001101111
In base 14, what is 62 + -278?
-216
In base 7, what is 2555545 + 0?
2555545
In base 10, what is -143066 - 3?
-143069
In base 10, what is 1 + -1182832?
-1182831
In base 10, what is 2 + 11240?
11242
In base 9, what is 8 + -1854?
-1845
In base 16, what is -1b + -16ea?
-1705
In base 3, what is 0 + -2020110220?
-2020110220
In base 4, what is 3 + 123012003?
123012012
In base 4, what is 133122030 - -3?
133122033
In base 7, what is 314555 + 4?
314562
In base 12, what is -13 - -3097?
3084
In base 6, what is -3405 - -535?
-2430
In base 7, what is -561155 + 2?
-561153
In base 7, what is -41630 - 2?
-41632
In base 11, what is -283 - -428?
155
In base 15, what is 5dbeca - 3?
5dbec7
In base 11, what is -815 + 227?
-599
In base 9, what is 16 + -1067?
-1051
In base 13, what is -3095 + -3?
-3098
In base 12, what is -3 - 125b6?
-125b9
In base 6, what is -2413 - -5323?
2510
In base 15, what is 4b + -5925?
-58c9
In base 15, what is 266 - -15d?
3c4
In base 15, what is 16 + -b61?
-b4a
In base 3, what is -121 - -122212220?
122212022
In base 6, what is -5 + 232132?
232123
In base 7, what is 234360 - 15?
234342
In base 12, what is 192822 + 4?
192826
In base 13, what is 47a - 22?
458
In base 12, what is -90 + -127?
-1b7
In base 2, what is 11011100110 - 101101011?
10101111011
In base 16, what is -d550 - 0?
-d550
In base 13, what is 55a - 2796?
-2239
In base 6, what is 2 + -33302?
-33300
In base 13, what is 1a49 - -65c?
23a8
In base 12, what is -6a375 - 3?
-6a378
In base 14, what is a4517 - 2?
a4515
In base 14, what is -22 - -1316c?
1314a
In base 9, what is -40 - -13623?
13573
In base 7, what is 1 - -2122?
2123
In base 6, what is 1505 + 240?
2145
In base 10, what is 75 + -16?
59
In base 4, what is 303100 + 20?
303120
In base 7, what is -10201 - -116?
-10052
In base 7, what is -4 - -465331?
465324
In base 13, what is -a + 2704c?
27042
In base 4, what is 1230 - -11?
1301
In base 13, what is -249 - -3c64?
3a18
In base 11, what is 3a502 + 4?
3a506
In base 9, what is 2 - -1730331?
1730333
In base 15, what is -9 + 3337?
332d
In base 14, what is -3a79c - -18?
-3a784
In base 10, what is -1504 - -15?
-1489
In base 16, what is -26ec + -5e?
-274a
In base 3, what is 212112002 - 10?
212111222
In base 9, what is -30 - 1322?
-1352
In base 4, what is -22002 - -3310?
-12032
In base 12, what is 0 - -5976?
5976
In base 16, what is 2 + 11b49?
11b4b
In base 9, what is 17 - 343?
-325
In base 6, what is 11115053 + 3?
11115100
In base 8, what is -4 + -220773?
-220777
In base 11, what is 14023 - -9?
14031
In base 2, what is 10100101111101100 + -101?
10100101111100111
In base 16, what is -12ef - 6b8?
-19a7
In base 15, what is 6 - 2a5a?
-2a54
In base 3, what is -22200120 + 10012?
-22120101
In base 15, what is -26ad - -15?
-2698
In base 12, what is -35 - 889?
-902
In base 5, what is -41 + -42312?
-42403
In base 11, what is -2aa03 + -14?
-2aa17
In base 8, what is -37750 - 3?
-37753
In base 2, what is 1000011101 + 101010?
1001000111
In base 4, what is 110 - -311303?
312013
In base 9, what is 35 + -872?
-836
In base 15, what is 172050 - 4?
17204b
In base 6, what is 11442411 - 5?
11442402
In base 15, what is 845 + 7?
84c
In base 4, what is 1033211 - 1122?
1032023
In base 6, what is -2 + 30145504?
30145502
In base 12, what is -3b - -272?
233
In base 10, what is 5 + -537?
-532
In base 2, what is -1011111110110000 + 11?
-1011111110101101
In base 11, what is -17273a3 + 4?
-172739a
In base 7, what is -3340255 - -2?
-3340253
In base 13, what is -62 - 1b23?
-1b85
In base 11, what is 0 + -515a?
-515a
In base 2, what is -110000011 + 1111001?
-100001010
In base 11, what is 0 - -23184?
23184
In base 9, what is 305615 + -5?
305610
In base 16, what is -1882a - 5?
-1882f
In base 6, what is 4201 - -1430?
10031
In base 10, what is 71 + -432?
-361
In base 7, what is -4 + -11366?
-11403
In base 11, what is 8 + 157?
164
In base 11, what is 4 - -8842?
8846
In base 5, what is 30034 + 31?
30120
In base 8, what is 212220 + 117?
212337
In base 5, what is -4 + 1003014420?
1003014411
In base 4, what is 11302002020 + 10?
11302002030
In base 9, what is -1608 + -4?
-1613
In base 10, what is -3130 + 4?
-3126
In base 7, what is 5 + -13134?
-13126
In base 6, what is -15 - 112210?
-112225
In base 11, what is -1341026 - -4?
-1341022
In base 2, what is -10100 + 100100101?
100010001
In base 8, what is 16426 + 457?
17105
In base 5, what is -23022131 - -2?
-23022124
In base 10, what is -5 + 29599?
29594
In base 8, what is -4 + -2557263?
-2557267
In base 2, what is 111100 - 11001101?
-10010001
In base 12, what is -2 - 128a73?
-128a75
In base 7, what is 0 - -62105?
62105
In base 16, what is -4185e - 1?
-4185f
In base 13, what is 268 + -2a?
23b
In base 9, what is -488 + -672?
-1271
In base 12, what is 4a4 - -8a2?
1186
In base 3, what is -11 - 122221120120?
-122221120201
In base 8, what is 4 - -5416?
5422
In base 11, what is -5 - 39a78?
-39a82
In base 16, what is 8d6 + -15?
8c1
In base 2, what is 100001101111100111 + -101?
100001101111100010
In base 3, what is -2 - 220000001?
-220000010
In base 5, what is 1110 - -112?
1222
In base 9, what is 27864 + -10?
27854
In base 6, what is 20322220 - -5?
20322225
In base 9, what is -38 + -2011?
-2050
In base 6, what is -1024 - -115?
-505
In base 12, what is -9154 - -22?
-9132
In base 6, what is -21 + -2144500?
-2144521
In base 10, what is -13 + -771?
-784
In base 6, what is -3325 + 200?
-3125
In base 2, what is -10 - -100111100000?
100111011110
In base 8, what is 211625 - 5?
211620
In base 5, what is -201 - 2333?
-3034
In base 14, what is -149 - -ca?
-5d
In base 10, what is 233 + 1188?
1421
In base 13, what is c7 + 269a?
2794
In base 9, what is 111 - -138?
250
In base 3, what is -2 + 2212210012001?
2212210011222
In base 7, what is -65 + 2104?
2006
In base 5, what is 2 - 23332?
-23330
In base 4, what is -20331 - 32013?
-113010
In base 7, what is 2 - 16232?
-16230
In base 8, what is 170 - 7071?
-6701
In base 12, what is 27 + -3537?
-3510
In base 2, what is -1 + 100101011110?
100101011101
In base 5, what is -21302422 + 101?
-21302321
In base 11, what is 1614 + a?
1623
In base 3, what is 100220102111 - -10?
100220102121
In base 12, what is -6 + -2694?
-269a
In base 15, what is -2c1 - 99?
-36a
In base 8, what is -7 - -44750?
44741
In base 9, what is 1 - -1838313?
1838314
In base 16, what is 5b9f9 + -4?
5b9f5
In base 12, what is -99b + 16?
-985
In base 5, what is 3104141430 - -4?
3104141434
In base 5, what is -2034 + -44?
-2133
In base 16, what is 26db09 + 1?
26db0a
In base 8, what is 77 + 2002?
2101
In base 6, what is 10 + -13215?
-13205
In base 13, what is -3c44 + -5?
-3c49
In base 11, what is -315024 + 0?
-315024
In base 14, what is 3139 - -4?
313d
In base 14, what is -199 - 4a1?
-65a
In base 16, what is 473 + -f0?
383
In base 14, what is -120a - -23?
-11c7
In base 16, what is 491 - 0?
491
In base 2, what is 100001101 - -1001010?
101010111
In base 9, what is -7884 + 37?
-7846
In base 8, what is 47704 + 6?
47712
In base 7, what is -2 - -1404461?
1404456
In base 5, what is 3 + -13402203?
-13402200
In base 16, what is -1d2 + -f2b?
-10fd
In base 4, what is 11 + 1003203?
1003220
In base 3, what is -1 + 1021011111?
1021011110
In base 7, what is -12154 + -2?
-12156
In base 11, what is -729 - 512?
-1140
In base 10, what is -108894 + -20?
-108914
In base 6, what is -3052 - -34?
-3014
In base 12, what is 51158 + 9?
51165
In base 10, what is -494003 + 4?
-493999
In base 12, what is -224125 + 4?
-224121
In base 2, what is -10110111110 + 100001000?
-10010110110
In base 9, what is 142 - -18158?
18311
In base 4, what is -23302233132 + 2?
-23302233130
In base 8, what is -13 + -337714?
-337727
In base 2, what is -1010110000011110001 + -1100?
-1010110000011111101
In base 5, what is -121 - -1200432?
1200311
In base 7, what is 204461 - -2?
204463
In base 13, what is -3 + -1017aa?
-1017b0
In base 14, what is 14 -